{"id":1552,"date":"2018-07-07T12:15:03","date_gmt":"2018-07-07T12:15:03","guid":{"rendered":"http:\/\/feuerwehr-hambach.de\/?page_id=1552"},"modified":"2018-07-07T12:18:15","modified_gmt":"2018-07-07T12:18:15","slug":"first-responder","status":"publish","type":"page","link":"https:\/\/feuerwehr-hambach.de\/?page_id=1552","title":{"rendered":"First Responder"},"content":{"rendered":"<p>Die im August 2017 gegr\u00fcndeten First Responder (Ersthelfer vor Ort).<\/p>\n<p>Nach umfangreicher Ausbildung und Training gehen sie Mitte 2018 in den aktiven Dienst \u00fcber.<\/p>\n<p>Geplant ist eine Bereitschaft wochentags von 18 Uhr bis 6 Uhr fr\u00fch und \u00fcber das komplette Wochenende von Freitag 18 Uhr bis Montag fr\u00fch 6 Uhr.<\/p>\n","protected":false},"excerpt":{"rendered":"<p>Die im August 2017 gegr\u00fcndeten First Responder (Ersthelfer vor Ort). Nach umfangreicher Ausbildung und Training gehen sie Mitte 2018 in den aktiven Dienst \u00fcber. Geplant ist eine Bereitschaft wochentags von 18 Uhr bis 6 Uhr fr\u00fch und \u00fcber das komplette [&hellip;]<\/p>\n","protected":false},"author":2,"featured_media":0,"parent":19,"menu_order":12,"comment_status":"closed","ping_status":"closed","template":"","meta":{"footnotes":""},"_links":{"self":[{"href":"https:\/\/feuerwehr-hambach.de\/index.php?rest_route=\/wp\/v2\/pages\/1552"}],"collection":[{"href":"https:\/\/feuerwehr-hambach.de\/index.php?rest_route=\/wp\/v2\/pages"}],"about":[{"href":"https:\/\/feuerwehr-hambach.de\/index.php?rest_route=\/wp\/v2\/types\/page"}],"author":[{"embeddable":true,"href":"https:\/\/feuerwehr-hambach.de\/index.php?rest_route=\/wp\/v2\/users\/2"}],"replies":[{"embeddable":true,"href":"https:\/\/feuerwehr-hambach.de\/index.php?rest_route=%2Fwp%2Fv2%2Fcomments&post=1552"}],"version-history":[{"count":3,"href":"https:\/\/feuerwehr-hambach.de\/index.php?rest_route=\/wp\/v2\/pages\/1552\/revisions"}],"predecessor-version":[{"id":1555,"href":"https:\/\/feuerwehr-hambach.de\/index.php?rest_route=\/wp\/v2\/pages\/1552\/revisions\/1555"}],"up":[{"embeddable":true,"href":"https:\/\/feuerwehr-hambach.de\/index.php?rest_route=\/wp\/v2\/pages\/19"}],"wp:attachment":[{"href":"https:\/\/feuerwehr-hambach.de\/index.php?rest_route=%2Fwp%2Fv2%2Fmedia&parent=1552"}],"curies":[{"name":"wp","href":"https:\/\/api.w.org\/{rel}","templated":true}]}}